4d9482 - -4?
4d9486
In base 16, what is be - 2f6?
-238
In base 4, what is -21131023 + -1220?
-21132303
In base 7, what is -1304151660 - -1?
-1304151656
In base 12, what is -288 + -a83b3?
-a867b
In base 3, what is -102 - 201110022110021?
-201110022110200
In base 10, what is -95512740 - 5?
-95512745
In base 2, what is -11 + 11111000110011010111001?
11111000110011010110110
In base 5, what is -10 - -42044321?
42044311
In base 12, what is -4 - 2ba45a6?
-2ba45aa
In base 16, what is -acc2b8 + 3?
-acc2b5
In base 16, what is 6ddd + 946?
7723
In base 8, what is 3246600653 + -3?
3246600650
In base 16, what is -816c + -4c5?
-8631
In base 10, what is -5125555 + -63?
-5125618
In base 2, what is 1100011010001011110110110101 + 0?
1100011010001011110110110101
In base 15, what is 233 + 1cc251?
1cc484
In base 3, what is 20001022 + -200122?
12100200
In base 2, what is 10101011011001010010010101 - -1?
10101011011001010010010110
In base 6, what is 10251333 - 2132?
10245201
In base 6, what is 235102 + 1221?
240323
In base 2, what is -110011100 + -1100010110111100?
-1100011101011000
In base 3, what is 0 + 111101112221221?
111101112221221
In base 16, what is 463b7fa + 6?
463b800
In base 12, what is -4 - -a0aa739?
a0aa735
In base 9, what is -5 - -261801750?
261801744
In base 11, what is -3a410 + 38?
-3a383
In base 7, what is 21242 + -465?
20444
In base 15, what is -256 + 6e63?
6c0c
In base 8, what is -413254 + 431?
-412623
In base 6, what is 1221 + -1010405?
-1005144
In base 6, what is -230 + -3055340?
-3100010
In base 3, what is -10011212222212202 - -12?
-10011212222212120
In base 2, what is 1101110011101111000 + 1100?
1101110011110000100
In base 2, what is 1001 + 1011000001101101000011?
1011000001101101001100
In base 14, what is 1261 + -405d?
-2bdc
In base 11, what is -6984 + -5a105?
-65a89
In base 9, what is 4 + -1527243?
-1527238
In base 4, what is -232133200 + 2032?
-232131102
In base 16, what is 139 - 4533d?
-45204
In base 12, what is -34045 + 2974?
-31291
In base 12, what is 1a + 396652?
396670
In base 16, what is 4eb001 + 0?
4eb001
In base 3, what is 2011002 - -12002120?
21020122
In base 14, what is 4 + 7dd58d2?
7dd58d6
In base 9, what is 36 + -2162807?
-2162761
In base 4, what is 20111100231 - 3?
20111100222
In base 2, what is -1100111100001001 + 10001110?
-1100111001111011
In base 7, what is 2011 + 3665541?
4000552
In base 12, what is 526a4 + -1b5?
524ab
In base 8, what is 1132146 - -30?
1132176
In base 11, what is -8589 - 50?
-8629
In base 16, what is 1 + -1cf7d91?
-1cf7d90
In base 15, what is -246c15 + -32?
-246c47
In base 9, what is -23020117 - 5?
-23020123
In base 9, what is 116673 - 3240?
113433
In base 9, what is -5 + -110363283?
-110363288
In base 7, what is 302121510 + -3?
302121504
In base 15, what is 12c - -93c59?
93d86
In base 5, what is 11412330 + 12113?
11424443
In base 15, what is -50 + 6400ce?
64007e
In base 11, what is -116680a + -16?
-1166825
In base 14, what is 4731 + -1253?
34bc
In base 3, what is -12 + -21220021000020202?
-21220021000020221
In base 13, what is 1 + -18432b72?
-18432b71
In base 15, what is 710a4 + -28?
7107b
In base 3, what is -111001012 - 100202001?
-211210020
In base 16, what is -346e + -1eb?
-3659
In base 15, what is -148 + -17363?
-174ab
In base 9, what is -4870762 + 16?
-4870745
In base 11, what is -96795 + 15a?
-96636
In base 13, what is 116b20b9 - -5?
116b20c1
In base 6, what is 12230414302 - -2?
12230414304
In base 4, what is 33 + -3303003103?
-3303003010
In base 9, what is 6670 - -13406?
21176
In base 3, what is 21 - 101112002000122?
-101112002000101
In base 2, what is 100101 - -110000111001011?
110000111110000
In base 11, what is -764a5 + 93?
-76412
In base 12, what is 3 - -3556a57?
3556a5a
In base 15, what is -5d25 - -2dd?
-5a37
In base 15, what is -7 - 751675?
-75167c
In base 3, what is 20221 - 20122021111?
-20122000120
In base 3, what is 2111 - 1121202000020?
-1121201220202
In base 11, what is 9 + 13a566?
13a574
In base 11, what is -422 + 387462?
387040
In base 5, what is -231044 + -22302?
-303401
In base 10, what is -4 - 2306599?
-2306603
In base 9, what is 113 + -14215341?
-14215227
In base 2, what is 111110 + 10011000000001010011001?
10011000000001011010111
In base 9, what is -35240 - -238?
-35001
In base 6, what is 3 - 3405333110?
-3405333103
In base 3, what is -11221 + 221200010202?
221122221211
In base 3, what is -1101011120200 - 12022?
-1101011202222
In base 11, what is -1114018a - 4?
-11140193
In base 10, what is 51365 - 2122?
49243
In base 3, what is -12 + 2111101101222020?
2111101101222001
In base 2, what is 1111100111110110010001 + -10001?
1111100111110110000000
In base 4, what is 222311103 + -1?
222311102
In base 6, what is 44203 + -32431?
11332
In base 5, what is -11140202411 - 10?
-11140202421
In base 4, what is 313330103123 - -11?
313330103200
In base 13, what is -28c7 - b32?
-3729
In base 6, what is 42530 - 3041?
35445
In base 6, what is 54 + 12244045?
12244143
In base 15, what is 83 + -b954?
-b8c1
In base 7, what is 52116 + -256535?
-204416
In base 8, what is 444614 - 24?
444570
In base 3, what is -20002 + 222021010?
222001001
In base 16, what is 10f + -37a8?
-3699
In base 9, what is 188011 + 752?
188763
In base 4, what is -1 - -20013201133?
20013201132
In base 2, what is -11011111001011111101011 - 101?
-11011111001011111110000
In base 10, what is 73957 + 206?
74163
In base 9, what is 2 - 6014536?
-6014534
In base 11, what is -a9183 - 697?
-a986a
In base 2, what is -101 - 1011000000000010001?
-1011000000000010110
In base 16, what is 3 + f017a?
f017d
In base 3, what is -2122211 + 11121222?
1222011
In base 13, what is -caa0a6 + -2?
-caa0a8
In base 10, what is 7 - -372557?
372564
In base 16, what is -2ffa492 - -2?
-2ffa490
In base 16, what is -1016b6 - c3?
-101779
In base 3, what is -101221222010122112 + -11?
-101221222010122200
In base 11, what is 96371 + -170?
96201
In base 9, what is -1 + -24141561?
-24141562
In base 13, what is -21525 - 6?
-2152b
In base 7, what is -150054 - 535?
-150622
In base 3, what is 2 - 2122000100012?
-2122000100010
In base 8, what is -4 - 1637717552?
-1637717556
In base 4, what is 11 - -32102022000?
32102022011
In base 2, what is -111100100001111111 - 1000000?
-111100100010111111
In base 8, what is 206 + 1323122?
1323330
In base 5, what is 3 + -42100044?
-42100041
In base 3, what is -2 + 110220120212100?
110220120212021
In base 3, what is 10102012020 + -1221210?
10100020110
In base 16, what is 0 + -d0977d0?
-d0977d0
In base 7, what is -1 - -5105450262?
5105450261
In base 9, what is -14178 + -525?
-14714
In base 5, what is 14211 + 213122?
232333
In base 13, what is 18361 + 91?
18422
In base 2, what is 11110010110 - -100000110110010011?
100001010100101001
In base 2, what is -11000100101101101000110101 + -1011?
-11000100101101101001000000
In base 13, what is 3846126 + 3b?
3846164
In base 16, what is -b8 + -3e72c2?
-3e737a
In base 5, what is 3432301 + -1422?
3430324
In base 9, what is -3011 + -844?
-3855
In base 12, what is b + 78138?
78147
In base 7, what is 131652561 + -106?
131652452
In base 3, what is 2 + -100110221100010?
-100110221100001
In base 8, what is 1 - -16543115?
16543116
In base 14, what is -ac6d4 - a5?
-ac799
In base 7, what is -1 + 23466423?
23466422
In base 16, what is -1e3ac00 - 3?
-1e3ac03
In base 12, what is 1735 - 3871a?
-36ba5
In base 12, what is 1215 - b2941?
-b1728
In base 5, what is -323204 - 300111?
-1123320
In base 13, what is -89 + 2572?
24b6
In base 2, what is -1101 + -100101001011100111010100?
-100101001011100111100001
In base 8, what is 56 + 4406035?
4406113
In base 10, what is 49505158 - 3?
49505155
In base 6, what is -1353144 + 2545?
-1350155
In base 3, what is 111022122220001 + 10?
111022122220011
In base 2, what is 101111110 + 10100010110000110101?
10100010110110110011
In base 8, what is 12 - -20731563?
20731575
In base 8, what is -244 - -1201754?
1201510
In base 6, what is -240421 - -4402?
-232015
In base 11, what is -11723318 - 1?
-11723319
In base 16, what is 4c0cb7e - 4?
4c0cb7a
In base 11, what is -6640288 + -24?
-6640301
In base 4, what is -1 - 303303010130?
-303303010131
In base 4, what is -121301 + -1011300?
-1133201
In base 13, what is -174 - 187a4?
-18948
In base 6, what is -3 - -24000334?
24000331
In base 9, what is -21383